f 18 and 1446.
6
Calculate the highest common divisor of 1336 and 8.
8
Calculate the greatest common divisor of 161 and 7.
7
Calculate the highest common divisor of 320 and 30.
10
What is the highest common factor of 923 and 13?
13
Calculate the highest common factor of 12 and 246.
6
Calculate the greatest common factor of 286 and 110.
22
What is the greatest common factor of 8 and 3312?
8
Calculate the greatest common divisor of 340 and 2516.
68
What is the highest common factor of 44 and 640?
4
What is the greatest common divisor of 560 and 53480?
280
Calculate the greatest common divisor of 1324 and 4.
4
What is the highest common factor of 11 and 297?
11
What is the highest common factor of 12 and 8124?
12
What is the greatest common factor of 30 and 230?
10
Calculate the highest common factor of 5 and 695.
5
What is the highest common divisor of 1035 and 2530?
115
What is the highest common factor of 858 and 88?
22
Calculate the greatest common factor of 6 and 822.
6
Calculate the highest common divisor of 25 and 80.
5
What is the highest common factor of 9608 and 56?
8
Calculate the greatest common factor of 29 and 2.
1
Calculate the greatest common factor of 891 and 33.
33
Calculate the greatest common divisor of 37 and 1.
1
Calculate the greatest common divisor of 20 and 340.
20
What is the greatest common factor of 56 and 532?
28
Calculate the highest common divisor of 68 and 986.
34
What is the highest common factor of 24 and 15?
3
What is the greatest common factor of 7519 and 73?
73
Calculate the greatest common factor of 990 and 180.
90
Calculate the greatest common factor of 73 and 1.
1
Calculate the highest common divisor of 9600 and 150.
150
What is the highest common factor of 78 and 9906?
78
What is the highest common factor of 17 and 57834?
17
What is the highest common divisor of 108 and 162?
54
Calculate the greatest common divisor of 48 and 12552.
24
Calculate the highest common factor of 620 and 20.
20
Calculate the greatest common divisor of 14 and 1043.
7
What is the highest common factor of 3 and 285?
3
What is the highest common divisor of 1742 and 52?
26
Calculate the highest common factor of 1853 and 17.
17
What is the greatest common factor of 294 and 504?
42
What is the highest common divisor of 391 and 102?
17
Calculate the greatest common factor of 105 and 135.
15
What is the highest common divisor of 91 and 637?
91
Calculate the highest common divisor of 16 and 128.
16
What is the highest common factor of 266 and 38?
38
What is the highest common factor of 135 and 24489?
27
What is the greatest common factor of 24 and 312?
24
Calculate the highest common factor of 527 and 289.
17
Calculate the greatest common divisor of 128 and 2304.
128
What is the highest common divisor of 202 and 128?
2
Calculate the highest common factor of 279 and 11625.
93
What is the greatest common divisor of 380 and 532?
76
What is the highest common factor of 102 and 986?
34
What is the greatest common factor of 87 and 145?
29
Calculate the greatest common factor of 9 and 2439.
9
What is the highest common factor of 13849 and 33?
11
What is the greatest common factor of 330 and 60?
30
What is the greatest common factor of 146 and 24382?
146
What is the greatest common factor of 1674 and 162?
54
What is the greatest common factor of 261 and 73863?
261
Calculate the greatest common factor of 30 and 354.
6
Calculate the highest common divisor of 57 and 150.
3
What is the greatest common factor of 705 and 15?
15
Calculate the greatest common factor of 408 and 18.
6
What is the highest common divisor of 65 and 260?
65
What is the greatest common divisor of 240 and 1080?
120
What is the greatest common factor of 279 and 9?
9
Calculate the highest common factor of 4180 and 140.
20
What is the highest common factor of 445 and 25?
5
Calculate the greatest common factor of 1995 and 189.
21
Calculate the highest common divisor of 10 and 25.
5
What is the highest common divisor of 1872 and 16?
16
Calculate the highest common divisor of 3473 and 604.
151
Calculate the greatest common factor of 141 and 93765.
141
Calculate the greatest common factor of 5542 and 5216.
326
What is the highest common factor of 452 and 32?
4
Calculate the highest common divisor of 2348 and 4.
4
What is the highest common factor of 17 and 323?
17
Calculate the greatest common divisor of 16 and 6.
2
What is the highest common divisor of 75 and 255?
15
Calculate the greatest common divisor of 186 and 6.
6
What is the highest common factor of 2079 and 336?
21
Calculate the greatest common factor of 1379 and 14.
7
Calculate the highest common factor of 13 and 71279.
13
What is the highest common factor of 136 and 15368?
136
Calculate the greatest common divisor of 18 and 10782.
18
What is the highest common factor of 23 and 713?
23
Calculate the greatest common divisor of 8 and 5896.
8
What is the highest common divisor of 105 and 1701?
21
What is the greatest common divisor of 130 and 160?
10
What is the highest common factor of 33 and 143?
11
Calculate the greatest common divisor of 2175 and 87.
87
What is the highest common factor of 80 and 1280?
80
Calculate the highest common divisor of 3179 and 11.
11
What is the highest common divisor of 84 and 189?
21
What is the highest common factor of 22 and 1078?
22
What is the greatest common divisor of 12 and 228?
12
Calculate the greatest common factor of 196 and 2296.
28
What is the highest common divisor of 148 and 925?
37
Calculate the highest common factor of 50 and 625.
25
What is the greatest common factor of 31 and 961?
31
What is the highest common factor of 2212 and 28?
28
Calculate the greatest common factor of 9991 and 103.
103
What is the greatest common factor of 153 and 1037?
17
Calculate the highest common divisor of 31 and 372.
31
Calculate the greatest common divisor of 9712 and 32.
16
What is the greatest common divisor of 40 and 620?
20
Calculate the highest common divisor of 4386 and 102.
102
Calculate the greatest common divisor of 112 and 77.
7
What is the greatest common divisor of 30 and 26250?
30
What is the greatest common divisor of 208 and 16?
16
Calculate the highest common factor of 417 and 21.
3
What is the greatest common divisor of 26 and 20137?
13
What is the highest common factor of 9 and 1035?
9
Calculate the highest common divisor of 4558 and 258.
86
What is the highest common divisor of 1397 and 22?
11
Calculate the greatest common divisor of 4418 and 94.
94
Calculate the greatest common factor of 689 and 676.
13
Calculate the greatest common divisor of 4050 and 50.
50
What is the highest common factor of 55 and 517?
11
What is the highest common divisor of 1804 and 2050?
82
Calculate the highest common divisor of 7812 and 168.
84
What is the greatest common factor of 14 and 2737?
7
Calculate the greatest common factor of 385 and 165.
55
What is the highest common divisor of 7 and 28?
7
Calculate the highest common divisor of 130 and 10.
10
Calculate the greatest common factor of 96 and 72.
24
What is the greatest common divisor of 165 and 1221?
33
What is the greatest common factor of 3024 and 105?
21
Calculate the highest common divisor of 627 and 33.
33
What is the greatest common divisor of 55 and 319?
11
What is the highest common divisor of 5 and 15955?
5
What is the greatest common divisor of 246 and 4018?
82
Calculate the highest common divisor of 5527 and 1.
1
Calculate the greatest common divisor of 56 and 588.
28
Calculate the highest common factor of 26 and 6.
2
What is the greatest common divisor of 35 and 133?
7
Calculate the highest common factor of 14 and 126.
14
Calculate the highest common divisor of 1020 and 14960.
340
What is the greatest common divisor of 371 and 14?
7
What is the highest common factor of 40 and 40?
40
Calculate the greatest common factor of 8 and 424.
8
What is the greatest common divisor of 146 and 2409?
73
What is the highest common divisor of 473 and 172?
43
Calculate the highest common factor of 2 and 526.
2
Calculate the highest common divisor of 10 and 310.
10
Calculate the highest common factor of 24 and 3456.
24
What is the highest common factor of 20 and 1270?
10
Calculate the greatest common divisor of 80 and 30.
10
Calculate the high